s h(14)?
-1
Let s(i) = 17*i**3 - 1. Give s(1).
16
Let b(v) = 11*v - 130. Determine b(12).
2
Let n(u) = -4*u**2 + 3*u - 1. What is n(4)?
-53
Let q(o) = o**2 - 32*o + 168. What is q(7)?
-7
Let a(c) = c**2 - c - 2. Give a(4).
10
Let n(b) = -b**3 + 8*b**2 + 2*b - 10. Give n(7).
53
Let a(m) = m**3 + 8*m**2 + 5*m + 8. Determine a(-7).
22
Let g(r) = -r**3 + 17*r**2 + 19*r - 19. What is g(18)?
-1
Let l(g) = -5*g - 9. Calculate l(-4).
11
Let q(u) = -33*u + 358. Give q(11).
-5
Let o(y) = -11*y**2 + 12*y + 3. What is o(2)?
-17
Let b(r) = 30*r**3 - r**2 - r. What is b(-1)?
-30
Let d(q) = -q**3 - 3*q**2 - q - 2. Calculate d(-3).
1
Let p(g) = -g**2 + 25*g - 42. Give p(24).
-18
Let g(k) = k**3 + 9*k**2 - 2*k - 5. Calculate g(-9).
13
Let q(z) = 2*z**2 + 28*z - 8. What is q(-14)?
-8
Let g(w) = 2*w**3 - 31*w**2 + 12*w + 43. What is g(15)?
-2
Let t(a) = a**2 - a - 7. What is t(2)?
-5
Let w(f) = -f**2 + 10*f - 14. Give w(9).
-5
Let y(t) = t**3 + 10*t**2 + 14*t + 13. Calculate y(-8).
29
Let r(j) = j**3 - 4*j**2 - 3*j - 7. Give r(0).
-7
Let h(r) = r**2 + 6*r - 7. Determine h(-8).
9
Let z(c) = c**2 + c - 1. What is z(-5)?
19
Let t(x) = -x**3 + 10*x**2 - 10*x - 3. Calculate t(9).
-12
Let h(y) = y**3 - 7*y**2 + y - 10. Calculate h(7).
-3
Let j(p) = p**3 - 5*p**2 - 8*p + 9. Give j(6).
-3
Let r(x) = -17*x + 4. Calculate r(1).
-13
Let o(u) = 17*u - 241. Determine o(15).
14
Let f(z) = -2*z + 22. Calculate f(9).
4
Let n(j) = -3*j + 40. Calculate n(15).
-5
Let u(v) = -v**3 - 4*v**2 + 2*v - 5. Give u(-4).
-13
Let y(u) = u**2 + 26*u + 108. Calculate y(-21).
3
Let k(a) = 8*a**3 - 2*a**2 - 4*a - 2. Determine k(-2).
-66
Let h(t) = -14*t**2 - 2*t - 8. Give h(0).
-8
Let c(s) = s**2 - 5*s + 4. What is c(7)?
18
Let d(p) = -13*p**3 + 3*p**2. Give d(2).
-92
Let o(i) = -4*i**3 - i**2 - 2*i + 1. What is o(1)?
-6
Let r(f) = f**2 + 10*f - 113. Calculate r(-17).
6
Let y(a) = -4*a - 109. Give y(-24).
-13
Let u(c) = -c**3 - 8*c**2 - 12*c + 2. Give u(-5).
-13
Let r(m) = -m**3 + m**2 + m + 13. Calculate r(0).
13
Let r(q) = 6*q + 114. Calculate r(-19).
0
Let b(u) = 5*u + 32. Calculate b(-11).
-23
Let s(g) = -4*g - 12. What is s(-3)?
0
Let x(r) = -r**2 - 26*r - 146. What is x(-11)?
19
Let a(v) = -2*v**2 - 18*v + 1. Give a(-9).
1
Let x(g) = -g**2 + 6*g - 3. What is x(7)?
-10
Let z(v) = v**3 + 5*v**2 + 8*v + 11. Calculate z(-4).
-5
Let a(q) = -q**3 + 7*q**2 + 4*q - 29. Calculate a(7).
-1
Let k(f) = -2*f**2 + 23*f + 14. What is k(12)?
2
Let g(t) = -3*t - 9. Give g(10).
-39
Let c(i) = -i**2 - 16*i + 20. Give c(-17).
3
Let d(j) = j + 26. Give d(-20).
6
Let q(c) = c**3 - 7*c**2 - 4*c + 10. What is q(7)?
-18
Let l(q) = -q**2 + 2*q - 6. What is l(0)?
-6
Let a(t) = 3*t**3 - 78*t**2 - 2*t + 59. Give a(26).
7
Let s(f) = -3*f**2 + 29*f + 14. Calculate s(10).
4
Let g(v) = 6*v**2 - 2. Calculate g(-1).
4
Let m(v) = v - 33. Determine m(14).
-19
Let u(z) = -z**3 - 9*z**2 + 2*z + 25. Determine u(-9).
7
Let k(r) = -r**2 - 24*r + 48. Give k(-25).
23
Let a(j) = j + 12. Calculate a(-7).
5
Let g(w) = w**2 - 34*w + 133. What is g(30)?
13
Let o(q) = 2*q**3 + q**2 + 3*q - 4. What is o(0)?
-4
Let d(p) = -p**3 - 7*p**2 + 9*p + 6. Calculate d(-8).
-2
Let b(c) = c**3 + 12*c**2 - 3*c - 12. Determine b(-12).
24
Let l(t) = 22*t - 1. What is l(-3)?
-67
Let a(u) = 2*u**3 - u**2 - 2*u + 2. Give a(1).
1
Let p(x) = 35*x + 33. What is p(-3)?
-72
Let a(p) = -p**3 - 5*p + 14. Determine a(0).
14
Let z(s) = -s**2 + 15*s + 72. Determine z(19).
-4
Let k(h) = -8*h - 4. What is k(-2)?
12
Let i(y) = -y**3 + y**2 + 11*y + 9. Calculate i(-5).
104
Let q(z) = -43*z**3 - z**2 - 2*z - 1. Calculate q(-1).
43
Let j(c) = -c**2 - 14*c + 26. Calculate j(-14).
26
Let z(o) = o**2 + 3*o + 1. Give z(-3).
1
Let n(c) = 4*c**2 - 4*c + 4. Give n(4).
52
Let i(x) = -35*x**2 + 1. What is i(-1)?
-34
Let r(t) = 69*t**3 + t**2 + t - 1. What is r(1)?
70
Let j(v) = -v**2 - 17*v + 16. What is j(-17)?
16
Let t(i) = -8*i**2 + 4*i - 2. Determine t(1).
-6
Let f(g) = 2*g - 17. Give f(9).
1
Let x(k) = -17*k. Determine x(1).
-17
Let g(n) = n**2 + 29*n + 147. Calculate g(-6).
9
Let h(n) = -n**2 + 8*n + 4. Calculate h(7).
11
Let a(b) = b**2 - b + 4. Give a(7).
46
Let d(j) = 2*j**2 - 4*j + 7. What is d(5)?
37
Let k(q) = q**2 + 2*q - 13. Give k(-5).
2
Let g(r) = -r**3 - 23*r**2 - 43*r - 27. Determine g(-21).
-6
Let p(h) = 4*h**2 + 30*h + 15. Give p(-8).
31
Let j(s) = -s**3 - 10*s**2 + 13*s + 17. Calculate j(-11).
-5
Let z(v) = v**3 + 10*v**2 + 12*v + 24. Determine z(-9).
-3
Let k(t) = -t**3 + 7*t**2 - 5*t - 6. Give k(6).
0
Let w(s) = -60*s - 177. Determine w(-3).
3
Let z(w) = w + 25. What is z(-27)?
-2
Let l(q) = q - 4. Give l(12).
8
Let w(x) = x**3 - 9*x**2 - 13*x + 18. What is w(10)?
-12
Let r(h) = -h**3 + 15*h**2 - 16*h + 1. Give r(14).
-27
Let z(n) = -n**2 + 12. Calculate z(4).
-4
Let i(h) = -h**2 + 4*h + 45. Give i(10).
-15
Let s(g) = -53*g**3 - g**2 + 2*g + 2. Calculate s(-1).
52
Let l(j) = j**3 + 14*j**2 + 9*j - 18. Give l(-13).
34
Let l(i) = -i**3 - 5*i**2 + i - 5. What is l(-6)?
25
Let d(j) = -4*j + 34. Determine d(9).
-2
Let v(w) = w**2 - 60*w + 875. Give v(34).
-9
Let s(w) = w**2 + 14*w. Determine s(-6).
-48
Let p(z) = -27*z + 147. Calculate p(6).
-15
Let w(v) = -v**3 + 9*v**2 + 10*v - 13. Calculate w(10).
-13
Let t(p) = p**3 + 2*p**2 - 7*p + 22. Give t(0).
22
Let x(c) = c**2 - 10*c + 11. What is x(9)?
2
Let p(g) = 2*g**2 + 6*g + 14. Give p(-5).
34
Let x(q) = 2*q**2 + 23*q + 63. What is x(-6)?
-3
Let r(s) = -s**3 - 5*s**2 + 22*s - 18. Calculate r(-8).
-2
Let a(t) = -t**3 + 21*t**2 + 24*t - 51. What is a(22)?
-7
Let l(h) = -h**3 + 16*h**2 + 22. What is l(16)?
22
Let y(l) = l**2 + 26*l + 34. Determine y(-25).
9
Let q(p) = -6*p**3 + 2*p**2 - p. What is q(1)?
-5
Let v(r) = -r**2 - 6*r - 9. Determine v(-2).
-1
Let n(j) = -j + 2. Give n(13).
-11
Let n(i) = -i**3 - 6*i**2 - 8*i - 7. Determine n(-4).
-7
Let v(s) = s**3 - 17*s**2 + 16*s - 20. Give v(16).
-20
Let g(s) = -4*s**2 - 6*s - 6. Determine g(-1).
-4
Let d(f) = 13*f - 2. Give d(-1).
-15
Let w(n) = 2*n**2 - 47*n - 20. Calculate w(24).
4
Let s(i) = i**3 - 12*i**2 + 3*i - 30. What is s(12)?
6
Let g(i) = 6*i**2 - 172*i + 109. Give g(28).
-3
Let k(j) = -j**3 + 2*j**2 + 7*j + 2. Calculate k(5).
-38
Let b(y) = y. Determine b(-4).
-4
Let s(j) = j**3 - 9*j**2 + 6*j + 1. Determine s(8).
-15
Let j(a) = -152*a - 144. What is j(-1)?
8
Let d(o) = -8*o - 20. Determine d(-3).
4
Let m(s) = s**2 + 34*s - 325. Determine m(8).
11
Let k(x) = x**3 - 2*x**2 - 8*x + 6. Calculate k(5).
41
Let h(q) = -q**3 + 9*q**2 - 5*q - 17. Calculate h(8).
7
Let h(i) = -i**2 + 5*i + 5. Calculate h(6).
-1
Let y(x) = x**2 + 24*x + 69. What is y(-21)?
6
Let x(j) = 3*j**3 - 65*j**2 - 23*j + 15. Give x(22).
-7
Let c(l) = -l**3 + 6*l**2 + 15*l + 7. Calculate c(8).
-1
Let p(y) = y - 7. What is p(13)?
6
Let k(g) = 25*g - 5. Give k(2).
45
Let v(f) = -f**2 - f + 21. Calculate v(0).
21
Let v(w) = -w**2 - 12*w - 30. Calculate v(-5).
5
Let q(r) = r**3 + 2*r**2 + 7*r + 32. What is q(-4)?
-28
Let c(i) = -i**3 + 3*i**2 + 6*i - 3. Determine c(4).
5
Let y(w) = -3*w + 18. Calculate y(8).
-6
Let y(a) = 26*a + 1. What is y(1)?
27
Let b(c) = -27*c - 29. Determine b(-1).
-2
Let x(n) = -n**2 - n - 3. Give x(-3).
-9
Let n(v) = -8*v - 19. Determine n(-4).
13
Let i(q) = -2*q. What is i(2)?
-4
Let c(w) = -8*w + 3. Give c(-4).
35
Let o(w) = -24*w**2 + 2*w - 4. Calculate o(2).
-96
Let a(q) = q**3 + 10*q**2 + 21*q + 24. Determine a(-8).
-16
Let v(q) = 13*q - 29. What is v(6)?
49
Let r(y) = -y**3 + 8*y**2 + 4*y - 24. What is r(8)?
8
Let i(u) = -u**2 + 8*u - 5. Calculate i(8).
-5
Let r(m) = m**3 - 3*m**2 - 5*m - 3. Give r(4).
-7
Let r(d) = -3*d**3 - 22*d**2 - 7*d + 2. Determine r(-7).
2
Let r(a) = -35*a + 448. What is r(13)?
-7
Let d(c) = -c**2 + 18*c + 26. Calculate d(20).
-14
Let q(c) = c**3 + 18*c**2 - 42*c - 25. Determine q(-20).
15
Let p(y) = -6*y + 13. Calculate p(-10).
73
Let r(y) = -7*y - 176. Calculate r(-26).
6
Let t(y) = -y**3 + 32*y**2 + 37*y - 129. What is t(33)?
3
Let z(y) = -y**3 + 6*y**2 - 6*y + 36. Determine z(6).
0
Let n(r) = 2*r + 1. Determine n(-15).
-29
Let u(w) = -13*w - 223. Give u(-17).
-2
Let v(f) = f**3 - f**2 + f + 6. What is v(0)?
6
Let f(s) = -s**3 + 6*s**2 - 6*s + 3. Determine f(6).
-33
Let s(h) = -2*h - 2. What is s(-16)?
30
Let n(z) = z**3 + 4*z**2 - 3. Wha